{"id":1153,"date":"2022-03-02T02:58:27","date_gmt":"2022-03-02T02:58:27","guid":{"rendered":"https:\/\/eddiemora.com\/?page_id=1153"},"modified":"2022-03-02T04:00:46","modified_gmt":"2022-03-02T04:00:46","slug":"los-caminos-de-la-noche-ficha-tecnica","status":"publish","type":"page","link":"https:\/\/eddiemora.com\/en\/los-caminos-de-la-noche-ficha-tecnica\/","title":{"rendered":"Los Caminos de la Noche Ficha t\u00e9cnica"},"content":{"rendered":"<div data-elementor-type=\"wp-page\" data-elementor-id=\"1153\" class=\"elementor elementor-1153\" data-elementor-post-type=\"page\">\n\t\t\t\t\t\t<section class=\"elementor-section elementor-top-section elementor-element elementor-element-1de10579 elementor-reverse-mobile elementor-section-height-min-height elementor-section-items-bottom elementor-section-content-top elementor-section-boxed elementor-section-height-default\" data-id=\"1de10579\" data-element_type=\"section\" data-settings=\"{&quot;background_background&quot;:&quot;classic&quot;}\">\n\t\t\t\t\t\t\t<div class=\"elementor-background-overlay\"><\/div>\n\t\t\t\t\t\t\t<div class=\"elementor-container elementor-column-gap-wider\">\n\t\t\t\t\t<div class=\"elementor-column elementor-col-100 elementor-top-column elementor-element elementor-element-26da423e\" data-id=\"26da423e\" data-element_type=\"column\">\n\t\t\t<div class=\"elementor-widget-wrap elementor-element-populated\">\n\t\t\t\t\t\t<div class=\"elementor-element elementor-element-214a1bc2 elementor-widget elementor-widget-heading\" data-id=\"214a1bc2\" data-element_type=\"widget\" data-widget_type=\"heading.default\">\n\t\t\t\t<div class=\"elementor-widget-container\">\n\t\t\t\t\t<h1 class=\"elementor-heading-title elementor-size-default\">Los Caminos de la Noche<\/h1>\t\t\t\t<\/div>\n\t\t\t\t<\/div>\n\t\t\t\t<div class=\"elementor-element elementor-element-4cb97bd elementor-widget elementor-widget-heading\" data-id=\"4cb97bd\" data-element_type=\"widget\" data-widget_type=\"heading.default\">\n\t\t\t\t<div class=\"elementor-widget-container\">\n\t\t\t\t\t<h1 class=\"elementor-heading-title elementor-size-default\">Ficha T\u00e9cnica<\/h1>\t\t\t\t<\/div>\n\t\t\t\t<\/div>\n\t\t\t\t\t<\/div>\n\t\t<\/div>\n\t\t\t\t\t<\/div>\n\t\t<\/section>\n\t\t\t\t<section class=\"elementor-section elementor-top-section elementor-element elementor-element-485ee4a0 elementor-section-boxed elementor-section-height-default elementor-section-height-default\" data-id=\"485ee4a0\" data-element_type=\"section\">\n\t\t\t\t\t\t<div class=\"elementor-container elementor-column-gap-wider\">\n\t\t\t\t\t<div class=\"elementor-column elementor-col-100 elementor-top-column elementor-element elementor-element-2a52ce8b\" data-id=\"2a52ce8b\" data-element_type=\"column\">\n\t\t\t<div class=\"elementor-widget-wrap elementor-element-populated\">\n\t\t\t\t\t\t<div class=\"elementor-element elementor-element-691c2dcf elementor-widget elementor-widget-text-editor\" data-id=\"691c2dcf\" data-element_type=\"widget\" data-widget_type=\"text-editor.default\">\n\t\t\t\t<div class=\"elementor-widget-container\">\n\t\t\t\t\t\t\t\t\t<article class=\"post-1575 page type-page status-publish entry\"><div class=\"site-inner\"><div class=\"content-sidebar-wrap\"><p>\u00a0<\/p><article class=\"post-844 page type-page status-publish entry\"><div class=\"entry-content\"><p><strong>Los caminos de la noche (2012)<br \/>Orquesta sinf\u00f3nica<br \/><\/strong><\/p><hr \/><p><strong>Instrumentaci\u00f3n:<\/strong><\/p><hr \/><p><strong>Estreno:<\/strong>\u00a014.09.12 | Teatro Nacional, San Jos\u00e9, Costa Rica<br \/><strong>Int\u00e9rprete:<\/strong>\u00a0Orquesta Sinf\u00f3nica Nacional de Costa Rica | Daniel Boiko \u2013 director<\/p><hr \/><p><strong>Grabaci\u00f3n:<\/strong>\u00a0Orquesta Sinf\u00f3nica Nacional | Eddie Mora \u2013 director<br \/>M\u00fasica de\u00a0compositores costarricenses. Vol.1 \u00a9 2013 Centro Nacional de la M\u00fasica<br \/>MUSITICA | Carlos Chaves (ingeniero de sonido)<\/p><hr \/><p><strong>Rese\u00f1a | Ekaterina Chatski | Investigadora UCR<\/strong><br \/>Los caminos de la noche pertenece a un ciclo de obras dedicado a la mujer\u00a0latinoamericana en el arte y est\u00e1 dedicada a la artista pl\u00e1stica costarricense Lola Fern\u00e1ndez Caballero. Su obra pict\u00f3rica, que lleva el mismo t\u00edtulo, sirvi\u00f3 como punto\u00a0de partida para idear una resonancia sonora, que Mora lo define como \u00abun eco de las\u00a0palabras que evoca su nombre y las texturas del cuadro\u00bb, cuyo concepto se introduce\u00a0por medio de las diferentes capas sonoras orquestales.<\/p><p>La idea de pensar el conjunto musical (en este caso, la orquesta) como un solo\u00a0instrumento es recurrente en Mora en sus \u00faltimas composiciones.\u00a0Asimismo, esta imagen sonora del conjunto orquestal se plasma en la estructura\u00a0musical, alej\u00e1ndola de las formas tradicionales de la m\u00fasica. La obra se desarrolla\u00a0sobre un m\u00ednimo material mel\u00f3dico que consta de una entonaci\u00f3n compuesta por tres sonidos. El juego de estos, culmina con un coral diat\u00f3nico que emerge en un punto \u00e1ureo de composici\u00f3n.<\/p><hr \/><p><strong>Partitura | score:<\/strong><\/p><hr \/><p><strong>Partes instrumentales \u00a0| instrumental parts | particelli:\u00a0<\/strong>para solicitar las partes por separado de esta obra por favor enviar un mensaje en\u00a0<a href=\"https:\/\/eddiemora.com\/en\/contacto\/\" rel=\"noopener\">Contact Us<\/a><\/p><hr \/><p><strong>Audio:\u00a0<\/strong>Orquesta Sinf\u00f3nica Nacional de Costa Rica\u00a0|\u00a0Eddie Mora\u00a0\u2013 director<strong><br \/><\/strong><a href=\"https:\/\/youtu.be\/OOtB_906U4s\" target=\"_blank\" rel=\"noopener\">Los caminos de la noche<\/a><\/p><hr \/><p><strong>Video:\u00a0<\/strong>Orquesta Sinf\u00f3nica Sim\u00f3n Bol\u00edvar de Venezuela<strong>\u00a0|\u00a0<\/strong>Alfredo Rugeles \u2013 director<br \/><a href=\"https:\/\/www.youtube.com\/watch?v=GG7xNO3TRdI\" target=\"_blank\" rel=\"noopener\">Videoclip<\/a><br \/><a href=\"https:\/\/www.youtube.com\/watch?v=thx735JiD6Q\">Versi\u00f3n completa<\/a><\/p><hr \/><\/div><\/article><p>\u00a0<\/p><aside class=\"sidebar sidebar-primary widget-area\" role=\"complementary\"><\/aside><\/div><\/div><footer class=\"site-footer\" role=\"contentinfo\"><div class=\"wrap\"><p>Eddie Mora | \u00a92022<\/p><\/div><\/footer><\/article>\t\t\t\t\t\t\t\t<\/div>\n\t\t\t\t<\/div>\n\t\t\t\t\t<\/div>\n\t\t<\/div>\n\t\t\t\t\t<\/div>\n\t\t<\/section>\n\t\t\t\t<\/div>","protected":false},"excerpt":{"rendered":"<p>Los Caminos de la Noche Ficha T\u00e9cnica \u00a0 Los caminos de la noche (2012)Orquesta sinf\u00f3nica Instrumentaci\u00f3n: Estreno:\u00a014.09.12 | Teatro Nacional, San Jos\u00e9, Costa RicaInt\u00e9rprete:\u00a0Orquesta Sinf\u00f3nica Nacional de Costa Rica | Daniel Boiko \u2013 director Grabaci\u00f3n:\u00a0Orquesta Sinf\u00f3nica Nacional | Eddie Mora \u2013 directorM\u00fasica de\u00a0compositores costarricenses. Vol.1 \u00a9 2013 Centro Nacional de la M\u00fasicaMUSITICA | Carlos Chaves [&hellip;]<\/p>","protected":false},"author":2,"featured_media":0,"parent":0,"menu_order":0,"comment_status":"closed","ping_status":"closed","template":"elementor_header_footer","meta":{"footnotes":""},"class_list":["post-1153","page","type-page","status-publish","hentry"],"_links":{"self":[{"href":"https:\/\/eddiemora.com\/en\/wp-json\/wp\/v2\/pages\/1153","targetHints":{"allow":["GET"]}}],"collection":[{"href":"https:\/\/eddiemora.com\/en\/wp-json\/wp\/v2\/pages"}],"about":[{"href":"https:\/\/eddiemora.com\/en\/wp-json\/wp\/v2\/types\/page"}],"author":[{"embeddable":true,"href":"https:\/\/eddiemora.com\/en\/wp-json\/wp\/v2\/users\/2"}],"replies":[{"embeddable":true,"href":"https:\/\/eddiemora.com\/en\/wp-json\/wp\/v2\/comments?post=1153"}],"version-history":[{"count":7,"href":"https:\/\/eddiemora.com\/en\/wp-json\/wp\/v2\/pages\/1153\/revisions"}],"predecessor-version":[{"id":1196,"href":"https:\/\/eddiemora.com\/en\/wp-json\/wp\/v2\/pages\/1153\/revisions\/1196"}],"wp:attachment":[{"href":"https:\/\/eddiemora.com\/en\/wp-json\/wp\/v2\/media?parent=1153"}],"curies":[{"name":"wp","href":"https:\/\/api.w.org\/{rel}","templated":true}]}}

Los Caminos de la Noche Ficha técnica

<div data-elementor-type="wp-page" data-elementor-id="1153" class="elementor elementor-1153" data-elementor-post-type="page">
						<section class="elementor-section elementor-top-section elementor-element elementor-element-1de10579 elementor-reverse-mobile elementor-section-height-min-height elementor-section-items-bottom elementor-section-content-top elementor-section-boxed elementor-section-height-default" data-id="1de10579" data-element_type="section" data-settings="{&quot;background_background&quot;:&quot;classic&quot;}">
							<div class="elementor-background-overlay"></div>
							<div class="elementor-container elementor-column-gap-wider">
					<div class="elementor-column elementor-col-100 elementor-top-column elementor-element elementor-element-26da423e" data-id="26da423e" data-element_type="column">
			<div class="elementor-widget-wrap elementor-element-populated">
						<div class="elementor-element elementor-element-214a1bc2 elementor-widget elementor-widget-heading" data-id="214a1bc2" data-element_type="widget" data-widget_type="heading.default">
				<div class="elementor-widget-container">
					<h1 class="elementor-heading-title elementor-size-default">Los Caminos de la Noche</h1>				</div>
				</div>
				<div class="elementor-element elementor-element-4cb97bd elementor-widget elementor-widget-heading" data-id="4cb97bd" data-element_type="widget" data-widget_type="heading.default">
				<div class="elementor-widget-container">
					<h1 class="elementor-heading-title elementor-size-default">Ficha Técnica</h1>				</div>
				</div>
					</div>
		</div>
					</div>
		</section>
				<section class="elementor-section elementor-top-section elementor-element elementor-element-485ee4a0 elementor-section-boxed elementor-section-height-default elementor-section-height-default" data-id="485ee4a0" data-element_type="section">
						<div class="elementor-container elementor-column-gap-wider">
					<div class="elementor-column elementor-col-100 elementor-top-column elementor-element elementor-element-2a52ce8b" data-id="2a52ce8b" data-element_type="column">
			<div class="elementor-widget-wrap elementor-element-populated">
						<div class="elementor-element elementor-element-691c2dcf elementor-widget elementor-widget-text-editor" data-id="691c2dcf" data-element_type="widget" data-widget_type="text-editor.default">
				<div class="elementor-widget-container">
									<article class="post-1575 page type-page status-publish entry"><div class="site-inner"><div class="content-sidebar-wrap"><p> </p><article class="post-844 page type-page status-publish entry"><div class="entry-content"><p><strong>Los caminos de la noche (2012)<br />Orquesta sinfónica<br /></strong></p><hr /><p><strong>Instrumentación:</strong></p><hr /><p><strong>Estreno:</strong> 14.09.12 | Teatro Nacional, San José, Costa Rica<br /><strong>Intérprete:</strong> Orquesta Sinfónica Nacional de Costa Rica | Daniel Boiko – director</p><hr /><p><strong>Grabación:</strong> Orquesta Sinfónica Nacional | Eddie Mora – director<br />Música de compositores costarricenses. Vol.1 © 2013 Centro Nacional de la Música<br />MUSITICA | Carlos Chaves (ingeniero de sonido)</p><hr /><p><strong>Reseña | Ekaterina Chatski | Investigadora UCR</strong><br />Los caminos de la noche pertenece a un ciclo de obras dedicado a la mujer latinoamericana en el arte y está dedicada a la artista plástica costarricense Lola Fernández Caballero. Su obra pictórica, que lleva el mismo título, sirvió como punto de partida para idear una resonancia sonora, que Mora lo define como «un eco de las palabras que evoca su nombre y las texturas del cuadro», cuyo concepto se introduce por medio de las diferentes capas sonoras orquestales.</p><p>La idea de pensar el conjunto musical (en este caso, la orquesta) como un solo instrumento es recurrente en Mora en sus últimas composiciones. Asimismo, esta imagen sonora del conjunto orquestal se plasma en la estructura musical, alejándola de las formas tradicionales de la música. La obra se desarrolla sobre un mínimo material melódico que consta de una entonación compuesta por tres sonidos. El juego de estos, culmina con un coral diatónico que emerge en un punto áureo de composición.</p><hr /><p><strong>Partitura | score:</strong></p><hr /><p><strong>Partes instrumentales  | instrumental parts | particelli: </strong>para solicitar las partes por separado de esta obra por favor enviar un mensaje en <a href="https://eddiemora.com/en/contacto/" rel="noopener">Contact Us</a></p><hr /><p><strong>Audio: </strong>Orquesta Sinfónica Nacional de Costa Rica | Eddie Mora – director<strong><br /></strong><a href="https://youtu.be/OOtB_906U4s" target="_blank" rel="noopener">Los caminos de la noche</a></p><hr /><p><strong>Video: </strong>Orquesta Sinfónica Simón Bolívar de Venezuela<strong> | </strong>Alfredo Rugeles – director<br /><a href="https://www.youtube.com/watch?v=GG7xNO3TRdI" target="_blank" rel="noopener">Videoclip</a><br /><a href="https://www.youtube.com/watch?v=thx735JiD6Q">Versión completa</a></p><hr /></div></article><p> </p><aside class="sidebar sidebar-primary widget-area" role="complementary"></aside></div></div><footer class="site-footer" role="contentinfo"><div class="wrap"><p>Eddie Mora | ©2022</p></div></footer></article>								</div>
				</div>
					</div>
		</div>
					</div>
		</section>
				</div>

<p>Los Caminos de la Noche Ficha Técnica   Los caminos de la noche (2012)Orquesta sinfónica Instrumentación: Estreno: 14.09.12 | Teatro Nacional, San José, Costa RicaIntérprete: Orquesta Sinfónica Nacional de Costa Rica | Daniel Boiko – director Grabación: Orquesta Sinfónica Nacional | Eddie Mora – directorMúsica de compositores costarricenses. Vol.1 © 2013 Centro Nacional de la MúsicaMUSITICA | Carlos Chaves [&hellip;]</p>
