{"id":719,"date":"2022-01-26T18:49:38","date_gmt":"2022-01-26T18:49:38","guid":{"rendered":"https:\/\/eddiemora.com\/?post_type=publicados-director&#038;p=719"},"modified":"2022-03-01T10:43:13","modified_gmt":"2022-03-01T10:43:13","slug":"benjamin-gutierrez-su-musica-osn","status":"publish","type":"publicados-director","link":"https:\/\/eddiemora.com\/en\/director\/benjamin-gutierrez-su-musica-osn\/","title":{"rendered":"BENJAM\u00cdN GUTI\u00c9RREZ, SU M\u00daSICA | OSN"},"content":{"rendered":"\n<p><strong>Benjam\u00edn Guti\u00e9rrez | 1937<\/strong><\/p>\n\n\n\n<hr class=\"wp-block-separator\"\/>\n\n\n\n<hr class=\"wp-block-separator\"\/>\n\n\n\n<h4 class=\"wp-block-heading\" id=\"musicos\">M\u00fasicos<\/h4>\n\n\n\n<p><strong>Orquesta Sinf\u00f3nica Nacional de Costa Rica<\/strong><br><strong>Eddie Mora |&nbsp;<\/strong>Director Residente<br><strong>Andr\u00e9s C\u00e1rdenes<\/strong>&nbsp;| viol\u00edn<br><strong>Jorge Rodr\u00edguez<\/strong>&nbsp;|&nbsp;oboe<br><strong>Bismarck Fern\u00e1ndez<\/strong>&nbsp;|&nbsp;percusi\u00f3n<\/p>\n\n\n\n<hr class=\"wp-block-separator\"\/>\n","protected":false},"featured_media":699,"template":"","class_list":["post-719","publicados-director","type-publicados-director","status-publish","has-post-thumbnail","hentry"],"_links":{"self":[{"href":"https:\/\/eddiemora.com\/en\/wp-json\/wp\/v2\/publicados-director\/719","targetHints":{"allow":["GET"]}}],"collection":[{"href":"https:\/\/eddiemora.com\/en\/wp-json\/wp\/v2\/publicados-director"}],"about":[{"href":"https:\/\/eddiemora.com\/en\/wp-json\/wp\/v2\/types\/publicados-director"}],"wp:featuredmedia":[{"embeddable":true,"href":"https:\/\/eddiemora.com\/en\/wp-json\/wp\/v2\/media\/699"}],"wp:attachment":[{"href":"https:\/\/eddiemora.com\/en\/wp-json\/wp\/v2\/media?parent=719"}],"curies":[{"name":"wp","href":"https:\/\/api.w.org\/{rel}","templated":true}]}}

BENJAMÍN GUTIÉRREZ, SU MÚSICA | OSN

<p><strong>Benjamín Gutiérrez | 1937</strong></p>



<hr class="wp-block-separator"/>



<hr class="wp-block-separator"/>



<h4 class="wp-block-heading" id="musicos">Músicos</h4>



<p><strong>Orquesta Sinfónica Nacional de Costa Rica</strong><br><strong>Eddie Mora |&nbsp;</strong>Director Residente<br><strong>Andrés Cárdenes</strong>&nbsp;| violín<br><strong>Jorge Rodríguez</strong>&nbsp;|&nbsp;oboe<br><strong>Bismarck Fernández</strong>&nbsp;|&nbsp;percusión</p>



<hr class="wp-block-separator"/>
